{"id":67,"date":"2022-06-16T10:40:42","date_gmt":"2022-06-16T10:40:42","guid":{"rendered":"https:\/\/www.risheng.store\/?post_type=product&#038;p=67"},"modified":"2026-04-05T01:20:39","modified_gmt":"2026-04-05T01:20:39","slug":"acuario-210","status":"publish","type":"product","link":"https:\/\/www.risheng.store\/index.php\/producto\/acuario-210\/","title":{"rendered":"Acuario 210 Litros"},"content":{"rendered":"","protected":false},"excerpt":{"rendered":"<p>Acuario de 210 Litros de Capacidad con gabinete en color negro, termostato y luz led incluidos.<\/p>\n<p>Nuestros acuarios cuentan con gabinetes 100% sint\u00e9ticos al alto brillo con estructura de aluminio patentado. No son de madera o aglomerado como lo manejan otros competidores, lo cual garantiza una durabilidad de por vida. No tienes por que preocuparte si tu gabinete se moja o humedece y es de f\u00e1cil limpieza.<\/p>\n<p>Aprovecha nuestro precio de introducci\u00f3n y te saldr\u00e1 mucho m\u00e1s barato que uno de aglomerado como los que maneja nuestra competencia.<\/p>\n","protected":false},"featured_media":374,"comment_status":"open","ping_status":"closed","template":"","meta":[],"product_brand":[],"product_cat":[121],"product_tag":[122,124,125,123],"class_list":{"0":"post-67","1":"product","2":"type-product","3":"status-publish","4":"has-post-thumbnail","6":"product_cat-acuarios","7":"product_tag-acuario","8":"product_tag-decoracion","9":"product_tag-decoracion-interior","10":"product_tag-pecera","12":"first","13":"instock","14":"sale","15":"featured","16":"taxable","17":"shipping-taxable","18":"purchasable","19":"product-type-simple"},"_links":{"self":[{"href":"https:\/\/www.risheng.store\/index.php\/wp-json\/wp\/v2\/product\/67","targetHints":{"allow":["GET"]}}],"collection":[{"href":"https:\/\/www.risheng.store\/index.php\/wp-json\/wp\/v2\/product"}],"about":[{"href":"https:\/\/www.risheng.store\/index.php\/wp-json\/wp\/v2\/types\/product"}],"replies":[{"embeddable":true,"href":"https:\/\/www.risheng.store\/index.php\/wp-json\/wp\/v2\/comments?post=67"}],"wp:featuredmedia":[{"embeddable":true,"href":"https:\/\/www.risheng.store\/index.php\/wp-json\/wp\/v2\/media\/374"}],"wp:attachment":[{"href":"https:\/\/www.risheng.store\/index.php\/wp-json\/wp\/v2\/media?parent=67"}],"wp:term":[{"taxonomy":"product_brand","embeddable":true,"href":"https:\/\/www.risheng.store\/index.php\/wp-json\/wp\/v2\/product_brand?post=67"},{"taxonomy":"product_cat","embeddable":true,"href":"https:\/\/www.risheng.store\/index.php\/wp-json\/wp\/v2\/product_cat?post=67"},{"taxonomy":"product_tag","embeddable":true,"href":"https:\/\/www.risheng.store\/index.php\/wp-json\/wp\/v2\/product_tag?post=67"}],"curies":[{"name":"wp","href":"https:\/\/api.w.org\/{rel}","templated":true}]}}